 is the greatest common divisor of v and 21?
21
Suppose 3*b + 3*a - 149 = 2*a, -b = 2*a - 48. What is the highest common divisor of 25 and b?
25
Let j = -144 - -396. What is the highest common divisor of 21 and j?
21
Let f = -1 - -1. Let t = 4 - f. Let b(h) = h**3 - 8*h**2 + 4*h. Let k be b(8). What is the greatest common factor of t and k?
4
Suppose -34 = -2*n + n - c, -3*n + 112 = -2*c. Let t = -1 - -4. Let s = 12 - t. What is the highest common divisor of n and s?
9
Let q(n) = -n**2 - 2*n + 1. Let r be q(-3). Let a = -9 + 8. Let m be (a/r)/((-3)/(-72)). Calculate the highest common factor of m and 18.
6
Let x = 263 + -172. What is the highest common factor of 13 and x?
13
Let d(t) = -7*t - 2. Let w = 7 + -13. Let n be d(w). Calculate the greatest common factor of n and 5.
5
Suppose 0 = 5*o - 0*o, -5*v = 2*o. Suppose -5*r - 20 = -v*r, -3*r = -2*s + 56. Let b be 199 + 1/(1/(-1)). Calculate the highest common factor of b and s.
22
Suppose -12 = -2*j - 2. Let r be j + -2 + 1*60. What is the greatest common factor of r and 21?
21
Suppose 0 = 4*s + 8 - 164. What is the greatest common factor of s and 13?
13
Suppose 3*m - 352 = -m. Let h be ((-3)/(-1))/(12/16). Suppose a = -4*o + 16, 0*o + h = a - 2*o. What is the greatest common divisor of a and m?
8
Suppose 0 = -5*y - 2*n + 45, 4*y = -5*n + 15 + 21. Suppose -5*r + y = -2*r. What is the greatest common factor of 27 and r?
3
Let f = 19 - 6. Let r be 1*((-3)/(-3) + f). What is the greatest common divisor of 126 and r?
14
Let v(b) = -60*b**3 + 3*b**2 + 3*b + 4. Let z be v(-2). Suppose 0*m - z = -7*m. Calculate the highest common divisor of m and 14.
14
Let i = 6 - 2. Suppose -p + 890 = -i*x + 2*p, 3*p - 666 = 3*x. Let a = -144 - x. Calculate the greatest common factor of a and 10.
10
Let r(v) = 1. Let c(s) = -s + 8. Let h(y) = -c(y) + 4*r(y). Let w be h(8). Calculate the highest common factor of 2 and w.
2
Let o be 2 - ((0 - 1) + -4). What is the highest common factor of o and 35?
7
Let n be 0 + (3/(-1) - -1). Let u(b) = -3*b**3 - 3*b**2 - 2*b + 2. Let o be u(n). What is the highest common factor of o and 54?
18
Let z = -31 - -64. Calculate the greatest common divisor of z and 11.
11
Let f(n) = -n**3 - 3*n**2 + 5*n + 6. Let p be f(-4). Let j = 5 - p. Let b be 6/4 + 3/6. What is the greatest common divisor of j and b?
1
Let r(g) = -g**3 + 5*g**2 + 3*g + 2. Let v(d) = 3*d**2 - d - 1. Let m be v(-1). Let b be r(m). What is the greatest common divisor of 232 and b?
29
Let u = -26 + 36. Calculate the greatest common factor of u and 2.
2
Suppose 14*n - 774 = -4*n. What is the highest common divisor of 215 and n?
43
Let t be (2/(-10) + 8/(-10))*-10. What is the greatest common factor of t and 40?
10
Suppose -4*s + 3471 = 831. Suppose -l = 110 - s. Suppose 10*n - l = 5*n. What is the highest common divisor of 10 and n?
10
Suppose -4*c - 3 = -19. What is the highest common factor of 32 and c?
4
Let g = 4 - -2. Let p be (-7)/21 - (-50)/g. Let x = 9 + 15. Calculate the highest common factor of p and x.
8
Suppose -9*k = -6*k - 72. What is the highest common factor of 48 and k?
24
Let y = 1 - -79. Suppose -2*t = 3*t - 95. Let x = 1 + t. What is the highest common divisor of y and x?
20
Let h(n) = 11*n**3 + n**2. Let d be h(1). What is the highest common factor of d and 3?
3
Suppose 3*m = 452 + 460. What is the highest common divisor of m and 38?
38
Let v be (1 + -2)/(2/(-14)). Suppose 0 = 2*x - 3 - 1. Suppose 4*m - 19 = -4*l + 53, 0 = -x*l - m + 32. Calculate the greatest common factor of l and v.
7
Suppose -18*y = -15*y - 216. What is the highest common divisor of 8 and y?
8
Suppose 0 + 4 = y. Suppose 3*l - 49 = -y*c, 25 = 2*l + l - 2*c. Calculate the greatest common divisor of l and 1.
1
Suppose 376 = 3*h + 5*f - 270, -4*f = -4*h + 904. Let k = -145 + h. Calculate the greatest common factor of k and 11.
11
Suppose -2*q = -0*q - 12. Suppose -2*y + q*y = 120. What is the greatest common factor of 150 and y?
30
Suppose 0 = 9*k - 16 - 2. Suppose 0 = -z - 0*z + 2. Suppose 4*y - v = z*y + 30, -5*v = y - 4. Calculate the highest common divisor of y and k.
2
Suppose 0 = -4*i + 2*m + 1 + 77, 0 = -3*i - 4*m + 64. Calculate the highest common factor of 30 and i.
10
Suppose -5*l + 448 = -l. Calculate the greatest common divisor of l and 16.
16
Let c be (18/15)/(4/30). Suppose 3*a - 5*j = -10, 3*a + 2*j - 6 = -2. Suppose 0 = -a*f + f - c. Calculate the highest common factor of 72 and f.
9
Let a be 2/(-3) + (-65)/(-3). Calculate the highest common divisor of 168 and a.
21
Let i be 0*(2 + 1)/(-6). Suppose 2*g + 4*q - 6 = 0, i*g + 31 = 2*g - q. What is the highest common divisor of g and 13?
13
Suppose -150 = -12*x + 7*x. What is the greatest common factor of x and 30?
30
Suppose y + 2 = -3*r, -5*y - 3*r + 15 = -11. Let x be 2*(3 + (-2)/(-4)). What is the highest common divisor of y and x?
7
Suppose -5 - 1 = -3*o. Suppose -f - 1 = -o. Let l be 3/9*3 + f. What is the greatest common divisor of l and 6?
2
Suppose 17 = 4*b - 43. Calculate the highest common factor of 10 and b.
5
Suppose -21 = -3*r + g - 0*g, 3*r - 27 = 3*g. Suppose 6 = o - r. Let y be 96*(1*-2)/(-4). What is the greatest common divisor of o and y?
12
Suppose -5*r - 33 = -148. Let b be (0 - 1) + r + 0. Let u be (1*-1)/(29/(-58)). What is the highest common divisor of u and b?
2
Let a = 18 + -6. Let w = 4 + a. What is the greatest common factor of w and 40?
8
Suppose -4*o + 33 = -o. Suppose n - 50 = -5*h, 4*n - 3*h + 64 = 287. Calculate the highest common factor of n and o.
11
Let u = -4 + 8. Suppose -u - 65 = -t - 5*g, g = 3*t - 159. What is the greatest common factor of 6 and t?
6
Suppose -k + 5 = -24. What is the highest common divisor of 145 and k?
29
Let y(t) = -6*t + 4. Let r be y(-4). What is the greatest common factor of 112 and r?
28
Let v = 543 - 318. What is the greatest common divisor of 25 and v?
25
Suppose b + 57 = a, -5*b = 4*a + a - 255. Calculate the greatest common divisor of a and 6.
6
Suppose -3*p + 88 = p. Calculate the greatest common factor of p and 242.
22
Let c = -9 + 13. Suppose 3*v = 4*j + 8*v - 43, c*j - 4*v = 52. Calculate the highest common divisor of j and 36.
12
Let q(t) = t - 13. Let g be q(15). Suppose 12 = -g*j + 32. Calculate the greatest common divisor of 5 and j.
5
Let p(a) = -a**2 - 2*a + 6. Let w be p(-3). Calculate the highest common divisor of 15 and w.
3
Suppose 0*r - r + 197 = 3*o, 2*o - 131 = -r. Calculate the highest common divisor of o and 165.
33
Let u = 26 - 15. Calculate the highest common factor of 33 and u.
11
Suppose 0 = 5*n + 2*b + 11 + 3, -b = 5*n + 17. Let h = 19 + n. Calculate the highest common factor of 15 and h.
15
Suppose b - 3*b = 3*u - 1, 12 = 5*b - 2*u. Suppose -b*z = -25 - 23. What is the greatest common factor of 72 and z?
24
Let y = 39 + 31. Let h(a) = 2*a**3 - 6*a**2 + 4*a - 2. Let l be h(3). Calculate the greatest common factor of l and y.
10
Suppose 24 + 21 = 3*t. Suppose 3*h - 7 = -4. Let r = t + h. Calculate the highest common divisor of 24 and r.
8
Let p = 79 + -31. Let h = 8 - 4. Suppose -l - p = -h*l. What is the greatest common divisor of l and 24?
8
Suppose 3*c + 41 = -0*h + 2*h, c = -h + 8. Let f(w) = 3*w**2 - 2*w. Let j be f(5). What is the highest common divisor of h and j?
13
Let m(w) = w**2 + w - 8. Let o be m(0). Let i be -1*o/6*12. Suppose 75 + 117 = 4*a. What is the greatest common divisor of i and a?
16
Let q = 10 - 8. Calculate the greatest common factor of q and 4.
2
Let b(i) = 4*i**2 + 4*i + 2. Let f(n) = -n**2 - n - 4. Let m be f(0). Let h be b(m). Suppose -a + 12 = -8. What is the highest common factor of h and a?
10
Let g(z) = z**2 - 7*z + 10. Let h be g(10). Suppose 2*x = 3 + 13. What is the highest common factor of x and h?
8
Suppose 5*n = 65 - 20. Let o be (14 - 26)*(-3)/2. What is the highest common factor of o and n?
9
Let m = -185 + 275. What is the greatest common divisor of 30 and m?
30
Suppose 0 = r - s - 93, -3*r + s = -7*r + 357. Calculate the highest common factor of r and 9.
9
Suppose 3*p - 33 = 2*p. What is the greatest common divisor of 66 and p?
33
Suppose 2*g - 168 = -0*g. Let y(w) = 21*w**3 + w - 1. Let s be y(1). Calculate the greatest common factor of g and s.
21
Suppose 352 = 5*p - 4*n, 2*n = -p + 34 + 42. What is the greatest common divisor of p a